 the hundred thousands digit of 1605406?
6
What is the ten thousands digit of 1650283?
5
What is the tens digit of 181877?
7
What is the hundred thousands digit of 1606737?
6
What is the millions digit of 1563131?
1
What is the millions digit of 9406728?
9
What is the hundreds digit of 118100?
1
What is the millions digit of 1009092?
1
What is the hundreds digit of 350784?
7
What is the hundreds digit of 1523692?
6
What is the hundreds digit of 733904?
9
What is the hundreds digit of 412295?
2
What is the millions digit of 12977040?
2
What is the ten thousands digit of 613085?
1
What is the units digit of 17733778?
8
What is the tens digit of 2720640?
4
What is the ten thousands digit of 11419444?
1
What is the thousands digit of 112201?
2
What is the thousands digit of 123584?
3
What is the hundreds digit of 348629?
6
What is the units digit of 394191?
1
What is the tens digit of 313410?
1
What is the hundred thousands digit of 1492830?
4
What is the tens digit of 320285?
8
What is the units digit of 47636?
6
What is the tens digit of 1282460?
6
What is the hundred thousands digit of 1324784?
3
What is the thousands digit of 831852?
1
What is the thousands digit of 27664?
7
What is the tens digit of 686778?
7
What is the ten thousands digit of 256328?
5
What is the millions digit of 12546608?
2
What is the units digit of 268078?
8
What is the units digit of 1358821?
1
What is the hundreds digit of 1751343?
3
What is the ten thousands digit of 45454?
4
What is the ten thousands digit of 41474?
4
What is the hundreds digit of 1736639?
6
What is the thousands digit of 523952?
3
What is the tens digit of 3195459?
5
What is the hundred thousands digit of 188660?
1
What is the hundreds digit of 756029?
0
What is the millions digit of 2671955?
2
What is the ten thousands digit of 313224?
1
What is the thousands digit of 640249?
0
What is the thousands digit of 193999?
3
What is the ten thousands digit of 15878197?
7
What is the hundred thousands digit of 439379?
4
What is the thousands digit of 3233670?
3
What is the ten thousands digit of 1878674?
7
What is the ten thousands digit of 1699982?
9
What is the thousands digit of 4904072?
4
What is the units digit of 20890750?
0
What is the tens digit of 104547?
4
What is the ten thousands digit of 233194?
3
What is the thousands digit of 106664?
6
What is the tens digit of 1739133?
3
What is the thousands digit of 32244?
2
What is the ten thousands digit of 4214496?
1
What is the ten thousands digit of 381114?
8
What is the ten thousands digit of 1166381?
6
What is the ten thousands digit of 342745?
4
What is the ten millions digit of 18022349?
1
What is the hundreds digit of 409065?
0
What is the hundreds digit of 164473?
4
What is the hundreds digit of 229633?
6
What is the units digit of 414413?
3
What is the thousands digit of 45273?
5
What is the hundreds digit of 5671?
6
What is the units digit of 171651?
1
What is the ten thousands digit of 440171?
4
What is the hundreds digit of 191376?
3
What is the units digit of 880486?
6
What is the ten thousands digit of 191789?
9
What is the hundred thousands digit of 280168?
2
What is the tens digit of 549?
4
What is the millions digit of 27307885?
7
What is the hundred thousands digit of 1382352?
3
What is the hundreds digit of 393155?
1
What is the hundred thousands digit of 263240?
2
What is the ten millions digit of 15991370?
1
What is the tens digit of 840011?
1
What is the ten millions digit of 19163237?
1
What is the millions digit of 3181703?
3
What is the ten thousands digit of 45446?
4
What is the units digit of 1026566?
6
What is the units digit of 4912595?
5
What is the units digit of 9256025?
5
What is the thousands digit of 2012832?
2
What is the thousands digit of 186934?
6
What is the hundred thousands digit of 5078745?
0
What is the units digit of 3290426?
6
What is the ten thousands digit of 348822?
4
What is the hundreds digit of 659614?
6
What is the units digit of 3749791?
1
What is the thousands digit of 142939?
2
What is the hundred thousands digit of 595258?
5
What is the millions digit of 33916094?
3
What is the tens digit of 1136030?
3
What is the units digit of 84813?
3
What is the hundreds digit of 729910?
9
What is the units digit of 21260288?
8
What is the millions digit of 1917141?
1
What is the ten thousands digit of 334542?
3
What is the hundreds digit of 979049?
0
What is the hundred thousands digit of 261940?
2
What is the hundreds digit of 55847?
8
What is the tens digit of 4251036?
3
What is the millions digit of 24285456?
4
What is the thousands digit of 399492?
9
What is the units digit of 227369?
9
What is the units digit of 797641?
1
What is the thousands digit of 338434?
8
What is the tens digit of 348846?
4
What is the hundred thousands digit of 2394611?
3
What is the ten thousands digit of 161289?
6
What is the thousands digit of 463645?
3
What is the tens digit of 325289?
8
What is the hundred thousands digit of 15701636?
7
What is the ten thousands digit of 4288471?
8
What is the tens digit of 1327388?
8
What is the units digit of 573135?
5
What is the units digit of 69404?
4
What is the ten thousands digit of 193640?
9
What is the hundreds digit of 915199?
1
What is the ten thousands digit of 22892196?
9
What is the ten thousands digit of 6666293?
6
What is the thousands digit of 135079?
5
What is the thousands digit of 3278238?
8
What is the hundreds digit of 1019895?
8
What is the tens digit of 216116?
1
What is the ten thousands digit of 95761?
9
What is the hundred thousands digit of 566581?
5
What is the thousands digit of 25227469?
7
What is the hundreds digit of 1264878?
8
What is the hundred thousands digit of 6942900?
9
What is the thousands digit of 796935?
6
What is the millions digit of 1147873?
1
What is the tens digit of 121782?
8
What is the units digit of 2047436?
6
What is the hundred thousands digit of 12947826?
9
What is the hundreds digit of 5993103?
1
What is the units digit of 7178399?
9
What is the hundreds digit of 145473?
4
What is the hundreds digit of 2481022?
0
What is the hundreds digit of 59942?
9
What is the hundred thousands digit of 322055?
3
What is the tens digit of 770033?
3
What is the ten thousands digit of 28709?
2
What is the thousands digit of 354645?
4
What is the hundred thousands digit of 1956822?
9
What is the tens digit of 6204541?
4
What is the hundred thousands digit of 11191223?
1
What is the thousands digit of 7577366?
7
What is the thousands digit of 744520?
4
What is the tens digit of 10522094?
9
What is the hundreds digit of 12791?
7
What is the millions digit of 1073362?
1
What is the units digit of 854250?
0
What is the hundred thousands digit of 13019322?
0
What is the tens digit of 4661013?
1
What is the hundreds digit of 216488?
4
What is the tens digit of 163615?
1
What is the hundred thousands digit of 207867?
2
What is the hundred thousands digit of 4524927?
5
What is the ten thousands digit of 658819?
5
What is the tens digit of 12593604?
0
What is the tens digit of 303657?
5
What is the units digit of 1034599?
9
What is the hundreds digit of 679499?
4
What is the tens digit of 4989826?
2
What is the units digit of 217270?
0
What is the ten thousands digit of 1725088?
2
What is the millions digit of 3320284?
3
What is the hundreds digit of 223919?
9
What is the hundred thousands digit of 109769?
1
What is the hundred thousands digit of 136857?
1
What is the hundreds digit of 951346?
3
What is the units digit of 462035?
5
What is the millions digit of 3111563?
3
What is the units digit of 53397?
7
What is the hundreds digit of 847359?
3
What is the hundred thousands digit of 386816?
3
What is the tens digit of 220011?
1
What is the hundred thousands digit of 387789?
3
What is the ten thousands digit of 9450637?
5
What is the ten thousands digit of 269060?
6
What is the units digit of 2195149?
9
What is the hundred thousands digit of 7212465?
2
What is the thousands digit of 16975620?
5
What is the units digit of 12734793?
3
What is the hundred thousands digit of 462787?
4
What is the millions digit of 5696993?
5
What is the hundreds digit of 179894?
8
What is the millions digit of 32238101?
2
What is the ten thousands digit of 9684266?
8
What 